v**2 + v - 5. Let d(b) = 3*b + 12. Let h be d(-3). Calculate the remainder when f(h) is divided by y.
4
Let j(r) = 2*r**2 - 11*r + 1. Let o(p) = 5*p**2 - 32*p + 2. Let k(a) = -8*j(a) + 3*o(a). Calculate the remainder when 17 is divided by k(-6).
7
Let a(l) = 34*l**2 - 63*l + 227. What is the remainder when a(4) is divided by 52?
51
Suppose 12*z + 9 = 105. Let m = 3 - -5. Suppose 2*l = 34 + m. Calculate the remainder when l is divided by z.
5
Let z = -125 + 127. Suppose 5*v = -z*f + 2 + 6, 2*f - 48 = 5*v. Calculate the remainder when 55 is divided by f.
13
Suppose 4*w - 32 = -0. Let z = w - -1. Suppose -3*y + 3*g + 26 = y, -4*y = 3*g - 14. What is the remainder when z is divided by y?
4
Let a(m) = 3 + 114*m**2 + 4 + 12*m - 113*m**2. Suppose 4*c + 2*r = 102, 2*c - 19 = -4*r + 23. Calculate the remainder when c is divided by a(-12).
6
Let u = -2259 - -2271. What is the remainder when 647 is divided by u?
11
Suppose -j + 3*a = -5*j + 207, -43 = -j + a. Suppose o - 3*x = 67, 4*o - 196 = 3*x + 81. Let d = o - 57. What is the remainder when j is divided by d?
9
Let x(g) = -4*g**3 - 10*g**2 + 11*g - 6. What is the remainder when x(-4) is divided by 34?
12
Suppose -2*k = 2*k - 36. Let o(v) = -v + 8. Let y(z) = 2*z - 14. Let n(c) = 5*o(c) + 3*y(c). What is the remainder when n(k) is divided by 2?
1
Let b(t) = -t**3 + 5*t**2 + 12*t + 2. Calculate the remainder when 117 is divided by b(6).
3
Let a(d) = 2*d + d + d**3 - 4*d - 5*d**2 - 7. What is the remainder when (7 - 80/12)*201 is divided by a(6)?
21
Suppose 0 = p, 3*p = s + 6*p - 7. Calculate the remainder when 103 is divided by s.
5
Suppose -11*u + 220 = -9*u + 4*d, 3*d = 6. What is the remainder when u is divided by 36?
34
Suppose 4*y - 5*b - 211 = -0, 138 = 3*y + 3*b. Let c = 197 + -180. Calculate the remainder when y is divided by c.
15
Calculate the remainder when (-738)/(-6) - (-8)/2 is divided by 26.
23
Suppose 0 = 2*q + 2*q - 3*x - 245, q - 66 = -4*x. Let a(j) = j**2 + 3*j + 13. Calculate the remainder when q is divided by a(0).
10
Suppose -2*z = -4*z - 2*a + 164, 0 = 5*z - 3*a - 418. Calculate the remainder when z is divided by (3 - (-1 + -10))*4/2.
27
Suppose 88*s = 2735 - 183. What is the remainder when 259 is divided by s?
27
Let u = -5 - -18. Calculate the remainder when 2*-2*(-38)/4 is divided by u.
12
Suppose -3*i + 521 = 5*s, -12*s + 14*s + 3*i - 203 = 0. What is the remainder when s is divided by 56?
50
Let h(q) = q**3 + 18*q**2 - 11*q - 363. Calculate the remainder when h(-17) is divided by 2.
1
Suppose j = -2 + 5. Suppose -j*n - 5*t + 0*t + 23 = 0, 3*t + 3 = n. Calculate the remainder when 16 is divided by n.
4
Suppose 2*c + 2*c - 28 = 0. Suppose 6 = -y + c*y. What is the remainder when y is divided by (4 - 1) + 3 + -5?
0
Suppose -u = 2, -14*a + 52 = -11*a - 5*u. Calculate the remainder when 181 is divided by a.
13
Let a = 80 + 0. Let y = a - 69. What is the remainder when 65 is divided by y?
10
Let v be 1 - 0/(-2) - -114. Suppose -v - 25 = -2*o. Let i = 391 - 367. What is the remainder when o is divided by i?
22
Calculate the remainder when (-71 - -69)/((-1)/46) is divided by 31.
30
Let u be (-1)/(-2) - (-7 - 318/(-12)). Let q(f) = -f**3 - 18*f**2 + 16*f - 10. Calculate the remainder when q(u) is divided by 5.
2
Suppose 239 = 9*u - 4. Suppose -3*a + 4*j + 291 = 0, 4*j + 105 = 3*a - 2*a. What is the remainder when a is divided by u?
12
Suppose 55*h - 3704 + 1064 = 0. What is the remainder when 240 is divided by h?
0
Let j(v) = 4*v**2 - 2*v - 9. Let g be j(5). Suppose g = 4*n + 17. What is the remainder when 42 is divided by n?
10
Let b(z) = 12*z**2 - 19*z + 128. Calculate the remainder when b(6) is divided by 45.
41
Let m(r) = r**3 - 9*r**2 + 19*r + 8. Calculate the remainder when 106 is divided by m(8).
10
Suppose -25 + 5 = 5*q. Let u be 1 - q/(-8)*-2. Suppose -u*l = 3*d - 77, -4*d - l + 110 = -2*l. Calculate the remainder when 80 is divided by d.
26
Suppose -3 = -2*g + 1. Suppose -g*a + 147 = 3*p - 4*a, 5*p + 5*a - 245 = 0. Calculate the remainder when p is divided by 25.
24
Let y(k) = -k**3 - 9*k**2 - k - 3. Let s be y(-9). Let c be ((-4)/s)/((-10)/60). What is the remainder when 18 is divided by 6 + c + (-4)/2?
2
Let k = 126 - 121. Suppose -k*w + w + 16 = 0, -m = -3*w - 37. What is the remainder when m is divided by 25?
24
Let p = 23 - 29. Let q(k) = -k**2 - 8*k. Let j be q(p). Suppose r = -5*u + 123, -u + 4*r + j = -0*r. Calculate the remainder when u is divided by 13.
11
Let q be (2 - (-10)/(-5)) + 85. Suppose -5*c = 2*b - b - q, 2*b = 2*c - 34. Calculate the remainder when c is divided by 5.
2
Let a = -132 + 142. Let o = 65 + -47. What is the remainder when o is divided by a?
8
Let m(n) = 13*n + 170. Calculate the remainder when 41 is divided by m(-11).
14
Let b(w) = 8*w**2 + 8*w - 62. What is the remainder when b(4) is divided by 43?
12
Let d = 43 - 38. Let n(s) = 7*s - 15. Suppose -28 = -4*i + 5*c, 4*i - 4*c - 28 = -2*c. Calculate the remainder when n(d) is divided by i.
6
Let t = -26 - -46. Suppose 2*b = 2*o + t + 28, -o = 4*b - 101. What is the remainder when 49 is divided by b?
24
Suppose 5*i + 25 = 5*t - 0, 4*i - 12 = -4*t. Let z(c) = c**3 - 4*c**2. Let x be z(t). Suppose -3*d + 29 + 1 = x. What is the remainder when 17 is divided by d?
7
What is the remainder when 1648/(-36)*54/(-12) is divided by 30?
26
Suppose 2*t = 3*y + 37, -2*t + 24 + 25 = y. Suppose -t*g + 29*g - 96 = 0. What is the remainder when 26 is divided by g?
10
Let v = 1108 + -1083. Calculate the remainder when 90 is divided by v.
15
Let s = 91 + -74. Let v = -14 - -20. Let o(w) = w**2 + w + 7. Calculate the remainder when o(v) is divided by s.
15
Suppose -12*z + 9*z = 0. Suppose r = z, -7*r + 3*r = -4*o + 116. Calculate the remainder when 57 is divided by o.
28
Let c be (-26)/(-5) + (-5)/25. Let l(k) = 5*k - 17. What is the remainder when 13 is divided by l(c)?
5
Let o = 128 - 128. Suppose o = -10*i - 3 + 73. Calculate the remainder when i is divided by 4.
3
Let l(g) be the first derivative of g**4/4 - 7*g**3/3 + 4*g**2 - 10*g + 40. What is the remainder when 8 is divided by l(6)?
0
Let o = -108 + 108. Suppose -q - 2 = 0, o*k - 170 = -4*k - q. Calculate the remainder when 170 is divided by k.
41
Let q(l) = -42*l - 4. What is the remainder when 45 is divided by q(-1)?
7
Let m(i) = 8*i + 55. What is the remainder when 68 is divided by m(-4)?
22
Let r(z) = -z**2 - 8*z + 13. Calculate the remainder when 26 is divided by r(-7).
6
Suppose -c = 5*q - 3, 0*q = q. Let j = -42 + 35. Let r(g) = -g**2 - 10*g - 15. What is the remainder when r(j) is divided by c?
0
Let y(o) = 2*o**2 - 9*o + 4. What is the remainder when y(9) is divided by 12?
1
Suppose 4*p - 3*p = -2*o + 14, -5*p = 0. Suppose 3*t = 40 - o. What is the remainder when 65 is divided by t?
10
Let u be ((-20)/(-6))/(4/(-12)). Let g = u - -32. Calculate the remainder when 65 is divided by g.
21
Suppose p - 3*l + 2*l - 126 = 0, 2*l + 630 = 5*p. What is the remainder when p is divided by 43?
40
Let m(a) = -a**3 + 18*a**2 + 22*a. Let t = -4 - -12. Let p be t/36 + 338/18. Calculate the remainder when m(p) is divided by 29.
28
Calculate the remainder when (-7 + -10)/(483/70 - 7) is divided by 95.
75
Suppose -12*j + 6*j = 0. Suppose 0 = -5*h - 3*x + 142, -2*x - 3*x + 20 = j. What is the remainder when h is divided by 14?
12
Let h(f) = 7*f**2 - 2*f + 1. Suppose 5*p - 6 = 2*p. Let y be (p/8)/(3/12). What is the remainder when 23 is divided by h(y)?
5
Let p = 4 - -5. Let a be (2/(-4))/((-34)/272). Suppose a*w - w - p = 0. Calculate the remainder when w is divided by 2.
1
Let p(z) = z**2 + 7*z - 6. Let r(o) = 2*o**2 + 20*o - 18. Let x(f) = 8*p(f) - 3*r(f). Calculate the remainder when -1 - (-2 + 90)/(-1) is divided by x(4).
21
Let a(g) = g**3 - 8*g**2 + 4. Let s be a(8). Suppose d - 5 = s*k + 4, -k = -5*d + 102. What is the remainder when d is divided by 8?
5
Let g be ((-5)/3)/(2/(-6)). Suppose 0*y = g*y - 135. What is the remainder when (114/(-95))/((-48)/4200) is divided by y?
24
Let k = 356 + -359. Let b be 2/(-8) - (-1)/4. Calculate the remainder when k - (-37 + (-4 - b)) is divided by 13.
12
Suppose 3*z - 30 = -12*z. Suppose -2*c + 5*h = -39, -2*c - 5*h + z*h + 31 = 0. What is the remainder when -2 - 84/(-1 - 0) is divided by c?
14
Let x = 197 - 58. Suppose